{"id":5,"date":"2012-05-14T18:08:41","date_gmt":"2012-05-14T17:08:41","guid":{"rendered":"https:\/\/192.168.0.11\/itawp\/suap\/?page_id=5"},"modified":"2023-01-17T12:16:27","modified_gmt":"2023-01-17T11:16:27","slug":"5-2","status":"publish","type":"page","link":"https:\/\/suap.regione.marche.it\/castelfidardo\/","title":{"rendered":"Home"},"content":{"rendered":"<div>\n<p><b>Nuove coordinate bancarie per il versamento dei diritti NIA sanitaria:<\/b><\/p>\n<p>IBAN: IT 81D0306902609100000046115<br \/>\nIntestato a Azienda Sanitaria Territoriale di Ancona<br \/>\npresso Banca Intesa San Paolo<\/p>\n<p>&nbsp;<\/p>\n<p><span style=\"font-size: 14pt;\">Si invita gli utenti del SUAP a voler compilare anche il <strong>Questionario Customer Satisfaction<\/strong> di 5 domande, come <u>passo facoltativo<\/u> delle richieste di procedimento online. Si ringrazia per la collaborazione, finalizzata all\u2019apprezzamento e al miglioramento del servizio<\/span><\/p>\n<p>&nbsp;<\/p>\n<h3>Il nuovo SUAP telematico ai sensi del DPR 160\/2010<\/h3>\n<p>Con il\u00a0<strong>D.P.R. 7 settembre 2010, n. 160<\/strong>, pubblicato in Gazzetta Ufficiale il 30 settembre 2010, viene adottato il nuovo Regolamento per la semplificazione ed il riordino della disciplina sullo Sportello Unico per le Attivit\u00e0 Produttive, che si sostituisce al precedente D.P.R. 447\/98, che gi\u00e0 regolamentava la materia.<br \/>\nIl D.P.R. 160\/2010 indica alcuni punti cardine della nuova normativa e della nuova veste dello Sportello Unico per le Attivit\u00e0 Produttive:<\/p>\n<\/div>\n<ul>\n<li>identifica nello Sportello Unico il solo soggetto pubblico di riferimento territoriale per tutti i procedimenti che abbiano ad oggetto l&#8217;esercizio di attivit\u00e0 produttive e di prestazione di servizi, nonch\u00e8 quelli relativi alle azioni di localizzazione, realizzazione, trasformazione, ristrutturazione o riconversione, ampliamento o trasferimento nonch\u00e9 cessazione o riattivazione delle suddette attivit\u00e0, aprendo, in tal modo, all&#8217;onnicomprensivit\u00e0 dell&#8217;ambito di competenza dal SUAP;<\/li>\n<li>individua il canale esclusivamente telematico di presentazione delle domande, dichiarazioni, segnalazioni e comunicazioni nonch\u00e9 dei relativi elaborati tecnici ed allegati da parte dell&#8217;utente nei confronti dello Sportello Unico per le Attivit\u00e0 Produttive;<\/li>\n<li>ribadisce la competenza dello Sportello Unico per le Attivit\u00e0 Produttive in merito\u00a0all&#8217;inoltro sempre in via telematica della documentazione alle altre Amministrazioni che intervengono nel procedimento<\/li>\n<\/ul>\n<h3><\/h3>\n<h3>Efficacia dei nuovi procedimenti telematici SUAP<\/h3>\n<p>Il Regolamento avr\u00e0 efficacia:<\/p>\n<ul>\n<li>dal 29 marzo 2011\u00a0per l&#8217;avvio del procedimento automatizzato obbligatorio nei casi di applicabilit\u00e0 della SCIA (Segnalazione Certificata di inizio attivit\u00e0) di cui all&#8217;art.19 della L 241\/1990;<\/li>\n<li>dal\u00a030 settembre 2011\u00a0per la parte relativa al procedimento ordinario di autorizzazione per le attivit\u00e0 produttive, nonch\u00e8 per il procedimento in variante allo strumento urbanistico.<\/li>\n<\/ul>\n<p>&nbsp;<\/p>\n","protected":false},"excerpt":{"rendered":"<p>Nuove coordinate bancarie per il versamento dei diritti NIA sanitaria: IBAN: IT 81D0306902609100000046115 Intestato a Azienda Sanitaria Territoriale di Ancona presso Banca Intesa San Paolo &nbsp; Si invita gli utenti del SUAP a voler compilare anche il Questionario Customer Satisfaction di 5 domande, come passo facoltativo delle richieste di procedimento online. Si ringrazia per la [&hellip;]<\/p>\n","protected":false},"author":507,"featured_media":0,"parent":0,"menu_order":0,"comment_status":"closed","ping_status":"closed","template":"","meta":{"footnotes":""},"class_list":["post-5","page","type-page","status-publish","hentry"],"_links":{"self":[{"href":"https:\/\/suap.regione.marche.it\/castelfidardo\/index.php?rest_route=\/wp\/v2\/pages\/5","targetHints":{"allow":["GET"]}}],"collection":[{"href":"https:\/\/suap.regione.marche.it\/castelfidardo\/index.php?rest_route=\/wp\/v2\/pages"}],"about":[{"href":"https:\/\/suap.regione.marche.it\/castelfidardo\/index.php?rest_route=\/wp\/v2\/types\/page"}],"author":[{"embeddable":true,"href":"https:\/\/suap.regione.marche.it\/castelfidardo\/index.php?rest_route=\/wp\/v2\/users\/507"}],"replies":[{"embeddable":true,"href":"https:\/\/suap.regione.marche.it\/castelfidardo\/index.php?rest_route=%2Fwp%2Fv2%2Fcomments&post=5"}],"version-history":[{"count":42,"href":"https:\/\/suap.regione.marche.it\/castelfidardo\/index.php?rest_route=\/wp\/v2\/pages\/5\/revisions"}],"predecessor-version":[{"id":562,"href":"https:\/\/suap.regione.marche.it\/castelfidardo\/index.php?rest_route=\/wp\/v2\/pages\/5\/revisions\/562"}],"wp:attachment":[{"href":"https:\/\/suap.regione.marche.it\/castelfidardo\/index.php?rest_route=%2Fwp%2Fv2%2Fmedia&parent=5"}],"curies":[{"name":"wp","href":"https:\/\/api.w.org\/{rel}","templated":true}]}}